by d.
8
Let y = 60 + -100. Calculate the remainder when 23 is divided by 0 - (y/5 + 3).
3
Suppose -4*m + 15 = 3. What is the remainder when (1 - 0)/(4/16) is divided by m?
1
Suppose -83 = -5*l - 4*r, 7*l - 99 = -4*r + 22. What is the remainder when 93 is divided by l?
17
What is the remainder when 82 is divided by 8/(-20) + (-54)/(-10)?
2
Suppose -6*n = 5*i - 2*n - 682, 4*i + 5*n = 551. What is the remainder when i is divided by 33?
2
Let i = 168 + -30. Calculate the remainder when ((-2)/(-3))/(-2 - (-280)/i) is divided by 9.
5
Suppose 608*p - 601*p - 161 = 0. What is the remainder when 595 is divided by p?
20
Let m = 960 + -940. What is the remainder when 73 is divided by m?
13
Let a(d) = 6*d**3 - 2*d**2 + 4*d + 7. What is the remainder when a(3) is divided by 42?
37
Suppose 89 = -k - 4*v + 17, 5*v = -2*k - 150. Let s = -74 - k. What is the remainder when s is divided by 4?
2
Let u = 10 + -4. Suppose 0 = -u*i - 2*i + 168. Calculate the remainder when i is divided by 6.
3
Suppose -9 = -m - 4. Suppose 0*y + m*y = 130. Calculate the remainder when y is divided by 9.
8
Let u be -5 + 6 - (2 + -1). Suppose u*b = b - 44. What is the remainder when b is divided by 15?
14
Calculate the remainder when 1/3*(-3 + -30)*-5 is divided by 8.
7
Let d(y) = 33*y**2 + 6*y - 6. Calculate the remainder when 53 is divided by d(1).
20
Suppose n + 4*j - 6 = 17, 0 = 5*n + 4*j - 83. Calculate the remainder when 24 is divided by n.
9
Suppose 86*y - 85*y - 133 = 0. What is the remainder when y is divided by 5?
3
Suppose 3*j = -d + 2*j + 17, 5*d + 2*j = 79. Suppose -q + 0*q + d = 0. Calculate the remainder when 59 is divided by q.
14
Suppose -2*k + 142 = -8*m + 5*m, 3*m = 4*k - 152. Let i = -3 - m. What is the remainder when i is divided by 21?
20
Calculate the remainder when 7 + 27/18*84 is divided by 17.
14
Let o(c) = -7*c + 258. Let h(v) = 35*v + 2. What is the remainder when h(3) is divided by o(33)?
26
Suppose -m + 3*l = -0*m - 223, 3*l + 675 = 3*m. What is the remainder when m is divided by 57?
55
Suppose -8 = -4*w - 0. Suppose 207 + 73 = 5*g + w*q, -3*g - 3*q = -177. What is the remainder when 160 is divided by g?
52
Suppose v = -4*v + 330. Let r = 101 - v. What is the remainder when r is divided by 19?
16
Let c(m) = m**3 - 18*m**2 - 36*m + 4. What is the remainder when c(20) is divided by (-2)/8 + (-363)/(-12)?
24
Let m(x) = 7*x + 70. Calculate the remainder when 104 is divided by m(-7).
20
Suppose 424 = -2*f + 498. What is the remainder when 129 is divided by f?
18
Let o be (-5)/((-3)/(3 + 0)). Suppose 0 = -o*b + b + 100. What is the remainder when b is divided by (-104)/(-12)*6/4?
12
Suppose -3*l = f - 3 - 1, -f = 2*l - 2. What is the remainder when (4/f)/((-4)/62) is divided by ((-10)/(-2) + (-1023)/155)/(1/(-5))?
7
Suppose 3*n = -n. Let s be 0 - ((-3 - n) + -32). Suppose 3*y = s - 2. What is the remainder when y is divided by 3?
2
Suppose -33*a - 2*j + 51 = -30*a, 0 = 4*a + 2*j - 66. Suppose 0 = q - 44 + 15. Calculate the remainder when q is divided by a.
14
Let m = 167 + -120. Calculate the remainder when 138 is divided by m.
44
Suppose -b - 12 = -7*b. What is the remainder when 50 is divided by b?
0
Suppose 0 = -7*x - x + 240. What is the remainder when 110 is divided by x?
20
What is the remainder when 319 is divided by (1/1)/(4/316) - -1?
79
What is the remainder when -3 + (-16)/(48/(-441)) is divided by 15?
9
Suppose 0*r + 18*r = 4266. Calculate the remainder when r is divided by 15.
12
Let k(b) = -4*b - 10. Let d be k(-3). Suppose -j + d*j - 95 = 0. What is the remainder when j is divided by 32?
31
Suppose z + v = 47, -5*z + 6*z + 3*v - 43 = 0. What is the remainder when z is divided by 13?
10
Suppose -9*d + q + 44 = -5*d, -4 = q. Let z = d - -5. Calculate the remainder when z is divided by 6.
3
Let s(l) = -l**3 + 2*l**2 + l + 40. Let p be s(0). Suppose 9*y - p = 5*y. Calculate the remainder when 19 is divided by y.
9
Suppose 4*a = a. Suppose 112 = -i + 5*i. Suppose a = 3*c - 12, 4*r - 2*c + 0*c - i = 0. Calculate the remainder when 25 is divided by r.
7
Suppose -k = -4*h - 31, 0 = -k + 6*h + 8 + 23. Calculate the remainder when k is divided by 30.
1
Suppose -j - 68 = 3*j. Let f = j + 19. Suppose 2 = f*s, -3*s + 0*s - 13 = -4*w. What is the remainder when w is divided by 2?
0
Let c(d) = 18*d - 225. What is the remainder when 59 is divided by c(13)?
5
Let i(p) = -1 - 8*p - 1 + 35*p. What is the remainder when i(4) is divided by (124/186)/((-1)/(-108)*2)?
34
Let d(v) = -2*v**2 + 15*v + 24. Calculate the remainder when 348/8 + (-1)/(-2) is divided by d(8).
12
Let d be 8/(-5) + 2/(-5). Let m(t) = -3*t - 4. Let r be m(d). Suppose 78 = -0*x + r*x. What is the remainder when x is divided by 10?
9
Let d be 18/15*(1 - 386/6). Let q = 136 + d. Suppose -2*n - 63 = -5*n. What is the remainder when q is divided by n?
18
Suppose 4*o + 6 = 3*k, -2*o - 5 = -2*k - 3. Let s(r) = r**3 + 5*r**2 + 2*r + 1. Calculate the remainder when s(o) is divided by 5.
3
Suppose -5*r + 11 = -29. Let f(p) = 3*p + 10. Let j be f(r). Calculate the remainder when 26 is divided by 0 + -2 - j/(-2).
11
Let x(u) = -u**3 - 3*u**2 - 2*u + 1. What is the remainder when 295 is divided by x(-5)?
51
Let w be 3/(-12) + (-147)/(-12). Suppose 6*y - w*y = -114. Calculate the remainder when y is divided by 6.
1
Let k = 20 + -12. Let j(g) = -g**2 + 7*g + 11. Let x be j(k). Suppose 0 = 4*q, -x*o = -5*q - 49 - 29. Calculate the remainder when o is divided by 14.
12
Let j(o) = -16*o - 38. Let z be (-1 + 2 - 0) + 2. Calculate the remainder when j(-7) is divided by z/(-6) + (-51)/(-2).
24
Let p(x) = -4 + 5*x + 4*x + 1 + 9. What is the remainder when p(5) is divided by (-55)/(-2) + (-3)/2?
25
Suppose 0 = 5*z - 4*f + 44 - 135, -z + 2*f = -23. What is the remainder when 43*(-3 + -1 + 1 + 4) is divided by z?
13
Let p = 1466 - 867. What is the remainder when p is divided by 100?
99
Suppose -3*i = -i. Suppose m - k = -i*m + 327, 3*m + 3*k = 975. Suppose -5*u + m = 81. What is the remainder when u is divided by 10?
9
Suppose 3*a - 2350 = -4*g, 1766 = 3*g + 2*a + 2*a. What is the remainder when g is divided by 42?
40
Calculate the remainder when 2/(-16) + (2451/24 - 1) is divided by 572/55*(-5)/(-2).
23
Let m be 53 + 0*2/4. Let p = 67 - m. Calculate the remainder when 23 is divided by p.
9
Let j be 3 + 1*-262*-1. Suppose -5*s - 5*w = -j, s + 6*w - 49 = 3*w. Calculate the remainder when s is divided by 14.
13
Calculate the remainder when 130 is divided by (0 + -30)/(12 - 324/24).
10
Suppose -15*d + 761 = -4819. What is the remainder when d is divided by 7?
1
Suppose 0 = 3*h - 7*h. Calculate the remainder when ((-69)/(-1))/(1 + h) is divided by (12/5)/(10/75).
15
Suppose 8 = 2*m - 96. Let o = m - 25. Let y(p) = p**2 - 7*p + 7. What is the remainder when y(11) is divided by o?
24
Let d be (30/(-4) + 0)/(5/(-10)). Let l = d - 4. What is the remainder when 27 is divided by l?
5
Suppose 6*q - 1452 = 2*q. Calculate the remainder when q is divided by 28.
27
Suppose 0 = 2*t - 23 - 55. What is the remainder when -1*(3*-40 + 5) is divided by t?
37
What is the remainder when 64 is divided by 5/((-45)/153)*-1?
13
Suppose -g + 33 = -0*g. Suppose -6*n - 52 = -2*n. Let u(j) = -2*j - 8. What is the remainder when g is divided by u(n)?
15
Suppose -5*z - 3*g = -13, -g = -5*z + 3*g + 41. Let s(n) = 19*n + 29 - 10*n - 4*n. Calculate the remainder when z is divided by s(-5).
1
Calculate the remainder when 1203 is divided by 20/(-50) - (-92)/5.
15
Suppose 0 = -2*a - 14 + 52. Suppose -9 - a = -7*j. Calculate the remainder when 21 is divided by j.
1
Suppose 3*o - 763 = 77. Suppose 0 = -4*a - 4*j + o, 192 = 3*a - 2*j - j. What is the remainder when a is divided by 14?
11
Let o be 1/(-2)*-1*8. Let k(y) = -y - y - 2 + o*y. Calculate the remainder when 69 is divided by k(10).
15
Suppose 26 = 2*o - 0. Let s(q) = 3*q - 10. Let g be s(8). Suppose g*z = 10*z + 140. What is the remainder when z is divided by o?
9
Calculate the remainder when 332 is divided by -6 + 3 - (1 + -71).
64
Let n = 2 - 0. Suppose -3*z + n*z + 46 = 0. Suppose 3*q = -9, s + 4*q = -s + 20. What is the remainder when z is divided by s?
14
Let u = 613 - 286. What is the remainder when u is divided by 15?
12
Let j = -64 - -114. Let c(v) = -v**2 - 15*v + 13. Calculate the remainde